(1 - 4). Is 1 - -3 - c/3 prime?
False
Let x = -32464 - -201731. Is x a prime number?
False
Let s = -23 - -18. Let n(r) = 43*r**2 + 8*r + 4. Is n(s) prime?
True
Let g(m) = -m**2 + 13*m - 10. Let y be g(12). Let k(z) = 246*z - 5. Is k(y) a composite number?
False
Let u = -6 + 17. Suppose 5*i - u = 4*m - 5*m, -4*m = 4*i + 4. Suppose i*y - 2*r - 1703 = 318, 4*y + 3*r - 2689 = 0. Is y a composite number?
False
Let a be 221 + 1 + 1/1. Let l(m) = 6*m - 13. Let j be l(3). Suppose 3*d - 12 = 0, -4*n + 3*d = -j*n + a. Is n composite?
False
Let s(h) = -h + 15. Let o be s(11). Suppose o*f - 68 = 4*n, 3*f + f - n = 56. Is f a composite number?
False
Suppose 5*f - 4*p = 20, 5*p - 6 = -3*f + 6. Suppose -h = -4*t - 30, -6*h = -f*h + 2*t - 110. Suppose -z = -4*g - 15, -5*z - 3*g + h = -71. Is z a prime number?
True
Let c = -39547 + 59228. Is c prime?
True
Let a(w) = -4*w**3 + 15*w**2 + 8*w + 5. Let t(y) = -3*y**3 + 15*y**2 + 9*y + 6. Let i(p) = 4*a(p) - 5*t(p). Is i(-15) a prime number?
False
Let m(z) = 8906*z - 45. Is m(1) a composite number?
False
Let u = 4807 + 26178. Is u a composite number?
True
Let t be 1 + -3 + 4 + 0. Suppose t*f - 17 = 69. Is f a prime number?
True
Let q be ((-42)/15)/((-202)/(-40) + -5). Is (-32800)/q - -5 - (-2)/7 a prime number?
False
Suppose 0 = 5*h - 55762 + 12737. Is h prime?
False
Suppose 3*m - 17 = -5. Suppose -711 = -m*w + 57. Suppose -2*h + w = -230. Is h a composite number?
False
Let o(v) = 3*v + 38. Let w be o(-9). Suppose 14*k - w*k - 5727 = 0. Is k a prime number?
False
Let v = -110 - -40. Is 4/1 - 0 - v composite?
True
Let j(d) = 2347*d - 484. Is j(15) a composite number?
False
Suppose -4 + 72 = o. Let s = o + -1. Is s a prime number?
True
Let p = -2046 + 4313. Is p prime?
True
Suppose -16*u - 3*k = -15*u - 14003, 2*u = k + 27992. Is u a prime number?
True
Let b = 855 + -855. Let t(a) = 4*a**3 - 3*a**2 - 4*a - 162. Let k(d) = -11*d**3 + 8*d**2 + 11*d + 485. Let s(l) = 3*k(l) + 8*t(l). Is s(b) a prime number?
False
Suppose 0 = -i + 2*i - m + 3, -4*m = 0. Let s be i*(-16)/12*1. Suppose 4*x = -5*c + 4176, -s*x + 0*c + 4216 = -5*c. Is x composite?
False
Let d(i) = -69*i**2 + 7*i + 10. Let f be d(-2). Let y = 2127 + f. Is y a composite number?
False
Let s be (26/(-8))/((-1)/4). Let r be 5/((-10)/(-24))*s. Suppose 0 = -3*q - 3*h + r, 5*q - 2*h = 127 + 126. Is q composite?
True
Suppose 3176 = -4*z - 2*k + 10896, -2*k - 4 = 0. Is z a prime number?
True
Let p(a) = -61*a**3 + 3*a**2 + 4*a - 1. Suppose -14 = z - 12. Is p(z) prime?
True
Let n(z) be the first derivative of -4245*z**4/4 - z**3 - z**2 - 15. Let i be n(-1). Suppose -2*p = -6*p + i. Is p prime?
True
Let x = -3 - 0. Let m(o) = o**3 + o + 4. Let a be m(x). Is a/3*(-459)/18 composite?
True
Suppose 0 = 2*s + s. Suppose -2*q + 0*q = s. Suppose -4*m + 2*f + 466 = 0, m + q*m + f = 121. Is m prime?
False
Let l(v) = 6*v**3 - 27*v**2 - 9*v - 1. Is l(13) a composite number?
False
Let p(d) be the second derivative of 5/3*d**3 - 4*d + 0 + 1/6*d**4 + 9/2*d**2. Is p(-7) a composite number?
False
Let c = -78882 - -158393. Is c prime?
False
Suppose 2*i = 5*q + 37, -i - 3*q + 8*q = -31. Let v be (4 - 1)*(-2)/i. Let m(s) = -65*s. Is m(v) prime?
False
Suppose -928 = -2*z - 2*z. Let b(l) = -l**2 - 8*l + 4. Let i be b(-8). Suppose 631 = 5*j + 4*c, -i*c - 407 - z = -5*j. Is j composite?
False
Let k = 97 - 93. Suppose 2*o + 99 = 3*h - 292, -5*h + 655 = -k*o. Is h a composite number?
False
Suppose n + 2 = t + 3*n, n = t - 8. Is 8/(-12)*(3 + (-1917)/t) a composite number?
False
Let v = 30861 + -17470. Is v a composite number?
True
Suppose -358 = -b + 1047. Suppose 4*q = b - 385. Suppose -4*k + 217 = -q. Is k a prime number?
False
Is 8443 - (-4 + 1) - -7 a composite number?
True
Let g(j) = -159*j + 100. Is g(-7) composite?
False
Suppose -5*i - 4*g + 76 = 0, 2*g + 25 = 3*i - 25. Suppose -35 = 11*r - i*r. Is (-4)/14 + 373/r a composite number?
False
Let a be 1*(1/(-1) + 1196). Suppose -3*r + 44 = -a. Is r prime?
False
Let y(i) = 61*i + 4 - 121*i - 65*i. Is y(-3) a prime number?
True
Let b = -1418 - -3877. Is b prime?
True
Suppose -5*u = 25, 11*u - 9*u + 9525 = 5*b. Is b a prime number?
False
Let a = 14 - -105. Suppose -3*s + 500 = a. Is s prime?
True
Let d(j) = 201*j**3 + j**2 - 1. Let y(v) = v + 12. Let x be y(-11). Is d(x) prime?
False
Let n(w) = -56*w + 32. Let i be n(16). Let t = -445 - i. Is t composite?
False
Let n(o) = 820*o**2 + 4*o + 6. Let u be n(-2). Suppose 0 = -d - 2*k + 1659, 2*k + 2*k = 2*d - u. Is d a composite number?
True
Let y be 1 + 39/9 + 32/(-24). Suppose y*s - 1508 = -0*s. Is s a prime number?
False
Let i = -158 + 157. Is (i + 2)*(-36350)/(-10) a prime number?
False
Let y = 64 - 60. Suppose g + 4*v + 0 = -14, -5*v = -2*g + 24. Suppose -g*a - y*a = -1212. Is a composite?
True
Is (-18919)/(-4) + -3 - (-14)/56 composite?
True
Let l = -179 - 6. Let j = l + 1267. Is j composite?
True
Let s be (28/(-63))/(4/(-18)). Suppose -j = -s*j. Suppose j = r + d - 427, -2*r - 2*r + 1683 = -d. Is r composite?
True
Suppose 0 = -2*h + 2 - 4, -2 = 5*y - 3*h. Let n be ((-2)/1 + -1)/y. Is (n + -1)*(-266)/(-28) prime?
True
Let g = -7 - -5. Is g - 0 - (2 + -98) composite?
True
Let d(j) = 430*j - 107. Is d(21) a composite number?
False
Suppose 18*z = 15*z - 18. Let j(y) = -y - 14. Let d be j(z). Let l(r) = 5*r**2 - 16*r + 1. Is l(d) a composite number?
False
Suppose -3*m = -5*y - 58389, -3*m - 3*y = -0*y - 58389. Is m a prime number?
True
Let n = 2185 + -1512. Is n composite?
False
Suppose 1906 = -11*j + 59403. Is j a composite number?
False
Let x = -120 + -5. Let l = 41 - x. Let y = -21 + l. Is y prime?
False
Let u = -53 - -50. Is (-1960)/(6/u) - 1 a prime number?
False
Suppose -4*f + f = 3. Suppose -5 = a, -3*q + 2*q = -4*a - 98. Let c = q - f. Is c composite?
False
Suppose -28*m + 22*m + 27066 = 0. Is m a composite number?
True
Let x = 4098 - -22873. Is x prime?
False
Let p(j) = -805*j - 89. Is p(-16) composite?
False
Suppose 5*l = 4*m - 72, l + 0 - 4 = 0. Suppose -3563 = -m*b + 16*b. Is b prime?
True
Let c = -64656 + 97135. Is c a prime number?
True
Let a(q) = -3*q - 2. Let o be a(2). Is 1*614*4/o*-7 composite?
True
Let c = 323 + -67. Let b = 778 - c. Suppose b + 593 = 5*k. Is k a composite number?
False
Suppose 2*p + 1 = 9, 20 = 3*u + 2*p. Is (-4*(-158)/(-12))/(u/(-6)) a composite number?
False
Let j(h) = -52 - 25*h**2 + 59 + 30*h**2 - 4*h. Let d = 8 + -14. Is j(d) prime?
True
Let g be -415*(1 - (-26)/(-10)). Let l = 347 + g. Is l a prime number?
False
Suppose 3*w = -2*m + 23, -6*m + w + 11 = -2*m. Suppose -m*j + 1345 = 3*d, 0 = 3*j + 2*d - 4*d - 1013. Is j prime?
True
Let v(z) = z - 6. Let u be v(11). Suppose u = -5*r + 30. Suppose 88 = -r*k + 343. Is k prime?
False
Suppose 103*x = 109*x - 172362. Is x a composite number?
True
Let p(z) = 1535*z**3 - z**2 + 2*z - 1. Let h be (4/6)/(4/6). Is p(h) a composite number?
True
Suppose 3*s - d = 6 + 3, 0 = -d - 3. Suppose 3*q + s*q + 280 = 0. Is ((-9)/(-6))/((-6)/q) a composite number?
True
Let x = 1829 + 813. Let b = x + -1683. Is b prime?
False
Let r = 6306 - 2317. Is r prime?
True
Let l(q) = -q**2 - 11*q - 5. Suppose -3*n - 2*r = 2*r + 49, -64 = 4*n + 5*r. Let t = n - -2. Is l(t) a composite number?
False
Suppose 7*z = 10*z - 10131. Is z a prime number?
False
Let s = 13 + -9. Suppose 5*h - 6303 = -4*l, s*h + 0*l - 5026 = 5*l. Is h a prime number?
True
Let q be (-10)/(-3)*(0 - (-12)/10). Is (-4*(-2)/4)/(q/530) prime?
False
Let i = -1787 + 3204. Is i a composite number?
True
Suppose 0 = 2*n - 2*v - 1668 - 3592, -4*n = -v - 10511. Is n prime?
False
Is (869499/(-204))/((-3)/20) a prime number?
False
Let f(r) = 27*r - 3. Let u(s) = s. Let n(o) = -f(o) - 5*u(o). Is n(-4) composite?
False
Suppose 2*s - 860 = 2294. Is s a prime number?
False
Let s(n) = 71*n**3 + 4*n**2 + 17*n - 9. Is s(7) a prime number?
True
Let v = 50441 - 23672. Is v a prime number?
False
Suppose 0 = 14*v + 288394 - 3126572. Is v prime?
False
Suppose -5*q = -k + 5613, 11409 = -3*k - 4*q + 28286. Is k prime?
True
Let o(j) = 10*j**2 + 3*j - 4. Let f be o(-6). Suppose k - h = f - 51, 2*k + h = 586. Is k a composite number?
True
Let v(p) = -p**3 - p**2 - 3*p - 5. Let l be v(-2). Suppose -749 = -l*j + 296. Is j prime?
False
Let v = 32489 + -21396. Is v a composite number?
False
Suppose 0 = 